{"id":579,"date":"2025-10-30T14:21:09","date_gmt":"2025-10-30T13:21:09","guid":{"rendered":"https:\/\/caroleclero.com\/?page_id=579"},"modified":"2025-11-16T13:16:47","modified_gmt":"2025-11-16T12:16:47","slug":"amenagement-a-la-recherche-de-la-lumiere","status":"publish","type":"page","link":"https:\/\/caroleclero.com\/index.php\/projets\/amenagement\/amenagement-a-la-recherche-de-la-lumiere\/","title":{"rendered":"A la recherche de la lumi\u00e8re"},"content":{"rendered":"<div data-colibri-id=\"579-c1\" class=\"style-362 style-local-579-c1 position-relative\">\n  <!---->\n  <div data-colibri-component=\"section\" data-colibri-id=\"579-c2\" id=\"overlappable\" class=\"h-section h-section-global-spacing d-flex align-items-lg-start align-items-md-start align-items-start style-373 style-local-579-c2 position-relative\">\n    <!---->\n    <!---->\n    <div class=\"h-section-grid-container h-section-boxed-container\">\n      <!---->\n      <div data-colibri-id=\"579-c3\" class=\"h-row-container gutters-row-lg-0 gutters-row-md-0 gutters-row-2 gutters-row-v-lg-0 gutters-row-v-md-0 gutters-row-v-2 style-374 style-local-579-c3 position-relative\">\n        <!---->\n        <div class=\"h-row justify-content-lg-center justify-content-md-center justify-content-center align-items-lg-stretch align-items-md-stretch align-items-stretch gutters-col-lg-0 gutters-col-md-0 gutters-col-2 gutters-col-v-lg-0 gutters-col-v-md-0 gutters-col-v-2\">\n          <!---->\n          <div class=\"h-column h-column-container d-flex h-col-lg-6 h-col-md-6 h-col-12 style-375-outer style-local-579-c4-outer\">\n            <div data-colibri-id=\"579-c4\" class=\"d-flex h-flex-basis h-column__inner h-px-lg-3 h-px-md-3 h-px-2 v-inner-lg-3 v-inner-md-3 v-inner-2 style-375 style-local-579-c4 position-relative\">\n              <!---->\n              <!---->\n              <div class=\"w-100 h-y-container h-column__content h-column__v-align flex-basis-100 align-self-lg-start align-self-md-start align-self-start\">\n                <!---->\n                <div data-colibri-id=\"579-c5\" class=\"h-global-transition-all h-heading style-377 style-local-579-c5 position-relative h-element\">\n                  <!---->\n                  <div class=\"h-heading__outer style-377 style-local-579-c5\">\n                    <!---->\n                    <!---->\n                    <h3 class=\"\">Constat<\/h3>\n                  <\/div>\n                <\/div>\n                <div data-colibri-id=\"579-c6\" class=\"h-text h-text-component style-378 style-local-579-c6 position-relative h-element\">\n                  <!---->\n                  <!---->\n                  <div class=\"\">\n                    <p>Maison de village en pierre typique \u00e0 l&#8217;int\u00e9rieur tr\u00e8s sombre, avec une entr\u00e9e directe sur la rue au nord et une sortie sur un jardin au sud.<\/p>\n                  <\/div>\n                <\/div>\n              <\/div>\n            <\/div>\n          <\/div>\n          <div class=\"h-column h-column-container d-flex h-col-lg-6 h-col-md-6 h-col-12 style-375-outer style-local-579-c7-outer\">\n            <div data-colibri-id=\"579-c7\" class=\"d-flex h-flex-basis h-column__inner h-px-lg-3 h-px-md-3 h-px-2 v-inner-lg-3 v-inner-md-3 v-inner-2 style-375 style-local-579-c7 position-relative\">\n              <!---->\n              <!---->\n              <div class=\"w-100 h-y-container h-column__content h-column__v-align flex-basis-100 align-self-lg-start align-self-md-start align-self-start\">\n                <!---->\n                <div data-colibri-id=\"579-c8\" class=\"h-global-transition-all h-heading style-377 style-local-579-c8 position-relative h-element\">\n                  <!---->\n                  <div class=\"h-heading__outer style-377 style-local-579-c8\">\n                    <!---->\n                    <!---->\n                    <h3 class=\"\">Id\u00e9e<\/h3>\n                  <\/div>\n                <\/div>\n                <div data-colibri-id=\"579-c9\" class=\"h-text h-text-component style-378 style-local-579-c9 position-relative h-element\">\n                  <!---->\n                  <!---->\n                  <div class=\"\">\n                    <p>Le plan int\u00e9rieur \u00e0 \u00e9t\u00e9 repens\u00e9. Un acc\u00e8s au jardin au sud avec la cr\u00e9ation d&#8217;une verri\u00e8re permet de faire p\u00e9n\u00e9trer la lumi\u00e8re de la cuisine au salon\/salle \u00e0 manger. L&#8217;escalier devient un puits de lumi\u00e8re desservant l&#8217;espace de vie.<\/p>\n                  <\/div>\n                <\/div>\n              <\/div>\n            <\/div>\n          <\/div>\n        <\/div>\n      <\/div>\n    <\/div>\n  <\/div>\n  <div data-colibri-component=\"section\" data-colibri-id=\"579-c10\" id=\"custom\" class=\"h-section h-section-global-spacing d-flex align-items-lg-center align-items-md-center align-items-center style-416 style-local-579-c10 position-relative\">\n    <!---->\n    <!---->\n    <div class=\"h-section-grid-container h-section-boxed-container\">\n      <!---->\n      <div data-colibri-id=\"579-c11\" class=\"h-row-container gutters-row-lg-2 gutters-row-md-2 gutters-row-0 gutters-row-v-lg-2 gutters-row-v-md-2 gutters-row-v-2 style-419 style-local-579-c11 position-relative\">\n        <!---->\n        <div class=\"h-row justify-content-lg-center justify-content-md-center justify-content-center align-items-lg-stretch align-items-md-stretch align-items-stretch gutters-col-lg-2 gutters-col-md-2 gutters-col-0 gutters-col-v-lg-2 gutters-col-v-md-2 gutters-col-v-2\">\n          <!---->\n          <div class=\"h-column h-column-container d-flex h-col-lg-auto h-col-md-auto h-col-auto style-420-outer style-local-579-c12-outer\">\n            <div data-colibri-id=\"579-c12\" class=\"d-flex h-flex-basis h-column__inner h-px-lg-2 h-px-md-2 h-px-2 v-inner-lg-2 v-inner-md-2 v-inner-2 style-420 style-local-579-c12 position-relative\">\n              <!---->\n              <!---->\n              <div class=\"w-100 h-y-container h-column__content h-column__v-align flex-basis-100 align-self-lg-start align-self-md-start align-self-start\">\n                <!---->\n                <div data-colibri-component=\"masonry\" data-colibri-id=\"579-c13\" class=\"h-photo-gallery margin-none caption-none style-421 style-local-579-c13 position-relative h-element\">\n                  <!---->\n                  <div class=\"h-global-transition-all\"><div id='colibri-579-c13' class='gallery-wrapper'>    <style type=\"text\/css\">\n\n        @media (min-width: 1023px) {        #colibri-579-c13        dl {\n            float: left;\n            width: 100% !important;\n            max-width: 100% !important;\n            min-width: 100% !important;\n        }\n\n        #colibri-579-c13        dl:nth-of-type(1n +1 ) {\n            clear: both;\n        }\n\n        }@media (min-width: 768px) and (max-width: 1023px) {        #colibri-579-c13        dl {\n            float: left;\n            width: 100% !important;\n            max-width: 100% !important;\n            min-width: 100% !important;\n        }\n\n        #colibri-579-c13        dl:nth-of-type(1n +1 ) {\n            clear: both;\n        }\n\n        }@media (max-width: 767px) {        #colibri-579-c13        dl {\n            float: left;\n            width: 100% !important;\n            max-width: 100% !important;\n            min-width: 100% !important;\n        }\n\n        #colibri-579-c13        dl:nth-of-type(1n +1 ) {\n            clear: both;\n        }\n\n        }\n        #colibri-579-c13        .gallery-item {\n            position: relative;\n        }\n\n        \n    <\/style>\n    <div   class='colibri-579-c13-dls-wrapper gallery-items-wrapper' ><dl class='gallery-item masonry-item'>\n\t\t\t<dt class='gallery-icon landscape'>\n\t\t\t\t<a data-fancybox=\"colibri-579-c13-group\" href='https:\/\/caroleclero.com\/wp-content\/uploads\/2025\/11\/Maison-AVANT.1200-1.jpg'><img loading=\"lazy\" decoding=\"async\"  width=\"1200\" height=\"465\" src=\"https:\/\/caroleclero.com\/wp-content\/uploads\/2025\/11\/Maison-AVANT.1200-1.jpg\"  class='colibri-579-c13-image' alt=\"\" aria-describedby=\"gallery-1-1445\" srcset=\"https:\/\/caroleclero.com\/wp-content\/uploads\/2025\/11\/Maison-AVANT.1200-1.jpg 1200w, https:\/\/caroleclero.com\/wp-content\/uploads\/2025\/11\/Maison-AVANT.1200-1-300x116.jpg 300w, https:\/\/caroleclero.com\/wp-content\/uploads\/2025\/11\/Maison-AVANT.1200-1-1024x397.jpg 1024w, https:\/\/caroleclero.com\/wp-content\/uploads\/2025\/11\/Maison-AVANT.1200-1-768x298.jpg 768w\" sizes=\"auto, (max-width: 1200px) 100vw, 1200px\" \/><\/a>\n\t\t\t<\/dt>\n\t\t\t\t<div class=\"gallery-caption__wrapper\"><dd class='wp-caption-text gallery-caption' id='gallery-1-1445'>\n\t\t\t\tAvant &#8211; Vue ext\u00e9rieure fa\u00e7ade\n\t\t\t\t<\/dd><\/div><\/dl><dl class='gallery-item masonry-item'>\n\t\t\t<dt class='gallery-icon landscape'>\n\t\t\t\t<a data-fancybox=\"colibri-579-c13-group\" href='https:\/\/caroleclero.com\/wp-content\/uploads\/2025\/11\/Exterieur-Maison-APRES.1200.jpg'><img loading=\"lazy\" decoding=\"async\"  width=\"1200\" height=\"639\" src=\"https:\/\/caroleclero.com\/wp-content\/uploads\/2025\/11\/Exterieur-Maison-APRES.1200.jpg\"  class='colibri-579-c13-image' alt=\"\" aria-describedby=\"gallery-1-883\" srcset=\"https:\/\/caroleclero.com\/wp-content\/uploads\/2025\/11\/Exterieur-Maison-APRES.1200.jpg 1200w, https:\/\/caroleclero.com\/wp-content\/uploads\/2025\/11\/Exterieur-Maison-APRES.1200-300x160.jpg 300w, https:\/\/caroleclero.com\/wp-content\/uploads\/2025\/11\/Exterieur-Maison-APRES.1200-1024x545.jpg 1024w, https:\/\/caroleclero.com\/wp-content\/uploads\/2025\/11\/Exterieur-Maison-APRES.1200-768x409.jpg 768w\" sizes=\"auto, (max-width: 1200px) 100vw, 1200px\" \/><\/a>\n\t\t\t<\/dt>\n\t\t\t\t<div class=\"gallery-caption__wrapper\"><dd class='wp-caption-text gallery-caption' id='gallery-1-883'>\n\t\t\t\tApr\u00e8s &#8211; Vue ext\u00e9rieure fa\u00e7ade\n\t\t\t\t<\/dd><\/div><\/dl><dl class='gallery-item masonry-item'>\n\t\t\t<dt class='gallery-icon landscape'>\n\t\t\t\t<a data-fancybox=\"colibri-579-c13-group\" href='https:\/\/caroleclero.com\/wp-content\/uploads\/2025\/11\/Avant-mur-ouvert4.1200-1.jpg'><img loading=\"lazy\" decoding=\"async\"  width=\"1200\" height=\"582\" src=\"https:\/\/caroleclero.com\/wp-content\/uploads\/2025\/11\/Avant-mur-ouvert4.1200-1.jpg\"  class='colibri-579-c13-image' alt=\"\" aria-describedby=\"gallery-1-1423\" srcset=\"https:\/\/caroleclero.com\/wp-content\/uploads\/2025\/11\/Avant-mur-ouvert4.1200-1.jpg 1200w, https:\/\/caroleclero.com\/wp-content\/uploads\/2025\/11\/Avant-mur-ouvert4.1200-1-300x146.jpg 300w, https:\/\/caroleclero.com\/wp-content\/uploads\/2025\/11\/Avant-mur-ouvert4.1200-1-1024x497.jpg 1024w, https:\/\/caroleclero.com\/wp-content\/uploads\/2025\/11\/Avant-mur-ouvert4.1200-1-768x372.jpg 768w\" sizes=\"auto, (max-width: 1200px) 100vw, 1200px\" \/><\/a>\n\t\t\t<\/dt>\n\t\t\t\t<div class=\"gallery-caption__wrapper\"><dd class='wp-caption-text gallery-caption' id='gallery-1-1423'>\n\t\t\t\tOuverture d&#8217;un mur &#8211; Avant\n\t\t\t\t<\/dd><\/div><\/dl><dl class='gallery-item masonry-item'>\n\t\t\t<dt class='gallery-icon landscape'>\n\t\t\t\t<a data-fancybox=\"colibri-579-c13-group\" href='https:\/\/caroleclero.com\/wp-content\/uploads\/2025\/11\/vue-salle-de-vie.1200.jpg'><img loading=\"lazy\" decoding=\"async\"  width=\"1200\" height=\"732\" src=\"https:\/\/caroleclero.com\/wp-content\/uploads\/2025\/11\/vue-salle-de-vie.1200.jpg\"  class='colibri-579-c13-image' alt=\"\" aria-describedby=\"gallery-1-1113\" srcset=\"https:\/\/caroleclero.com\/wp-content\/uploads\/2025\/11\/vue-salle-de-vie.1200.jpg 1200w, https:\/\/caroleclero.com\/wp-content\/uploads\/2025\/11\/vue-salle-de-vie.1200-300x183.jpg 300w, https:\/\/caroleclero.com\/wp-content\/uploads\/2025\/11\/vue-salle-de-vie.1200-1024x625.jpg 1024w, https:\/\/caroleclero.com\/wp-content\/uploads\/2025\/11\/vue-salle-de-vie.1200-768x468.jpg 768w\" sizes=\"auto, (max-width: 1200px) 100vw, 1200px\" \/><\/a>\n\t\t\t<\/dt>\n\t\t\t\t<div class=\"gallery-caption__wrapper\"><dd class='wp-caption-text gallery-caption' id='gallery-1-1113'>\n\t\t\t\tOuverture d&#8217;un mur &#8211; Apr\u00e8s\n\t\t\t\t<\/dd><\/div><\/dl><dl class='gallery-item masonry-item'>\n\t\t\t<dt class='gallery-icon landscape'>\n\t\t\t\t<a data-fancybox=\"colibri-579-c13-group\" href='https:\/\/caroleclero.com\/wp-content\/uploads\/2025\/11\/Puits-de-lumiere.jpg'><img loading=\"lazy\" decoding=\"async\"  width=\"1200\" height=\"820\" src=\"https:\/\/caroleclero.com\/wp-content\/uploads\/2025\/11\/Puits-de-lumiere.jpg\"  class='colibri-579-c13-image' alt=\"\" aria-describedby=\"gallery-1-1031\" srcset=\"https:\/\/caroleclero.com\/wp-content\/uploads\/2025\/11\/Puits-de-lumiere.jpg 1200w, https:\/\/caroleclero.com\/wp-content\/uploads\/2025\/11\/Puits-de-lumiere-300x205.jpg 300w, https:\/\/caroleclero.com\/wp-content\/uploads\/2025\/11\/Puits-de-lumiere-1024x700.jpg 1024w, https:\/\/caroleclero.com\/wp-content\/uploads\/2025\/11\/Puits-de-lumiere-768x525.jpg 768w\" sizes=\"auto, (max-width: 1200px) 100vw, 1200px\" \/><\/a>\n\t\t\t<\/dt>\n\t\t\t\t<div class=\"gallery-caption__wrapper\"><dd class='wp-caption-text gallery-caption' id='gallery-1-1031'>\n\t\t\t\tCr\u00e9ation d&#8217;un puits de lumi\u00e8re\n\t\t\t\t<\/dd><\/div><\/dl><dl class='gallery-item masonry-item'>\n\t\t\t<dt class='gallery-icon landscape'>\n\t\t\t\t<a data-fancybox=\"colibri-579-c13-group\" href='https:\/\/caroleclero.com\/wp-content\/uploads\/2025\/11\/verriere.1200.jpg'><img loading=\"lazy\" decoding=\"async\"  width=\"1200\" height=\"619\" src=\"https:\/\/caroleclero.com\/wp-content\/uploads\/2025\/11\/verriere.1200.jpg\"  class='colibri-579-c13-image' alt=\"\" aria-describedby=\"gallery-1-1041\" srcset=\"https:\/\/caroleclero.com\/wp-content\/uploads\/2025\/11\/verriere.1200.jpg 1200w, https:\/\/caroleclero.com\/wp-content\/uploads\/2025\/11\/verriere.1200-300x155.jpg 300w, https:\/\/caroleclero.com\/wp-content\/uploads\/2025\/11\/verriere.1200-1024x528.jpg 1024w, https:\/\/caroleclero.com\/wp-content\/uploads\/2025\/11\/verriere.1200-768x396.jpg 768w\" sizes=\"auto, (max-width: 1200px) 100vw, 1200px\" \/><\/a>\n\t\t\t<\/dt>\n\t\t\t\t<div class=\"gallery-caption__wrapper\"><dd class='wp-caption-text gallery-caption' id='gallery-1-1041'>\n\t\t\t\tCr\u00e9ation d&#8217;une lucarne\n\t\t\t\t<\/dd><\/div><\/dl><dl class='gallery-item masonry-item'>\n\t\t\t<dt class='gallery-icon landscape'>\n\t\t\t\t<a data-fancybox=\"colibri-579-c13-group\" href='https:\/\/caroleclero.com\/wp-content\/uploads\/2025\/11\/Escalier-avec-verriere.jpg'><img loading=\"lazy\" decoding=\"async\"  width=\"1143\" height=\"948\" src=\"https:\/\/caroleclero.com\/wp-content\/uploads\/2025\/11\/Escalier-avec-verriere.jpg\"  class='colibri-579-c13-image' alt=\"\" aria-describedby=\"gallery-1-1042\" srcset=\"https:\/\/caroleclero.com\/wp-content\/uploads\/2025\/11\/Escalier-avec-verriere.jpg 1143w, https:\/\/caroleclero.com\/wp-content\/uploads\/2025\/11\/Escalier-avec-verriere-300x249.jpg 300w, https:\/\/caroleclero.com\/wp-content\/uploads\/2025\/11\/Escalier-avec-verriere-1024x849.jpg 1024w, https:\/\/caroleclero.com\/wp-content\/uploads\/2025\/11\/Escalier-avec-verriere-768x637.jpg 768w\" sizes=\"auto, (max-width: 1143px) 100vw, 1143px\" \/><\/a>\n\t\t\t<\/dt>\n\t\t\t\t<div class=\"gallery-caption__wrapper\"><dd class='wp-caption-text gallery-caption' id='gallery-1-1042'>\n\t\t\t\tEscalier dans la lumi\u00e8re\n\t\t\t\t<\/dd><\/div><\/dl><dl class='gallery-item masonry-item'>\n\t\t\t<dt class='gallery-icon portrait'>\n\t\t\t\t<a data-fancybox=\"colibri-579-c13-group\" href='https:\/\/caroleclero.com\/wp-content\/uploads\/2025\/11\/Verriere-separative-rotated.jpg'><img loading=\"lazy\" decoding=\"async\"  width=\"1200\" height=\"1601\" src=\"https:\/\/caroleclero.com\/wp-content\/uploads\/2025\/11\/Verriere-separative-rotated.jpg\"  class='colibri-579-c13-image' alt=\"\" aria-describedby=\"gallery-1-1123\" srcset=\"https:\/\/caroleclero.com\/wp-content\/uploads\/2025\/11\/Verriere-separative-rotated.jpg 1200w, https:\/\/caroleclero.com\/wp-content\/uploads\/2025\/11\/Verriere-separative-225x300.jpg 225w, https:\/\/caroleclero.com\/wp-content\/uploads\/2025\/11\/Verriere-separative-768x1025.jpg 768w, https:\/\/caroleclero.com\/wp-content\/uploads\/2025\/11\/Verriere-separative-1151x1536.jpg 1151w\" sizes=\"auto, (max-width: 1200px) 100vw, 1200px\" \/><\/a>\n\t\t\t<\/dt>\n\t\t\t\t<div class=\"gallery-caption__wrapper\"><dd class='wp-caption-text gallery-caption' id='gallery-1-1123'>\n\t\t\t\tVerri\u00e8re s\u00e9parative sur le puits de lumi\u00e8re\n\t\t\t\t<\/dd><\/div><\/dl><dl class='gallery-item masonry-item'>\n\t\t\t<dt class='gallery-icon landscape'>\n\t\t\t\t<a data-fancybox=\"colibri-579-c13-group\" href='https:\/\/caroleclero.com\/wp-content\/uploads\/2025\/11\/cuisine-clarete.1200.jpg'><img loading=\"lazy\" decoding=\"async\"  width=\"1200\" height=\"897\" src=\"https:\/\/caroleclero.com\/wp-content\/uploads\/2025\/11\/cuisine-clarete.1200.jpg\"  class='colibri-579-c13-image' alt=\"\" aria-describedby=\"gallery-1-1040\" srcset=\"https:\/\/caroleclero.com\/wp-content\/uploads\/2025\/11\/cuisine-clarete.1200.jpg 1200w, https:\/\/caroleclero.com\/wp-content\/uploads\/2025\/11\/cuisine-clarete.1200-300x224.jpg 300w, https:\/\/caroleclero.com\/wp-content\/uploads\/2025\/11\/cuisine-clarete.1200-1024x765.jpg 1024w, https:\/\/caroleclero.com\/wp-content\/uploads\/2025\/11\/cuisine-clarete.1200-768x574.jpg 768w\" sizes=\"auto, (max-width: 1200px) 100vw, 1200px\" \/><\/a>\n\t\t\t<\/dt>\n\t\t\t\t<div class=\"gallery-caption__wrapper\"><dd class='wp-caption-text gallery-caption' id='gallery-1-1040'>\n\t\t\t\tApport de lumi\u00e8re dans la cuisine\n\t\t\t\t<\/dd><\/div><\/dl><dl class='gallery-item masonry-item'>\n\t\t\t<dt class='gallery-icon landscape'>\n\t\t\t\t<a data-fancybox=\"colibri-579-c13-group\" href='https:\/\/caroleclero.com\/wp-content\/uploads\/2025\/11\/0-vue-int-verriere.1200.jpg'><img loading=\"lazy\" decoding=\"async\"  width=\"1200\" height=\"418\" src=\"https:\/\/caroleclero.com\/wp-content\/uploads\/2025\/11\/0-vue-int-verriere.1200.jpg\"  class='colibri-579-c13-image' alt=\"\" aria-describedby=\"gallery-1-1122\" srcset=\"https:\/\/caroleclero.com\/wp-content\/uploads\/2025\/11\/0-vue-int-verriere.1200.jpg 1200w, https:\/\/caroleclero.com\/wp-content\/uploads\/2025\/11\/0-vue-int-verriere.1200-300x105.jpg 300w, https:\/\/caroleclero.com\/wp-content\/uploads\/2025\/11\/0-vue-int-verriere.1200-1024x357.jpg 1024w, https:\/\/caroleclero.com\/wp-content\/uploads\/2025\/11\/0-vue-int-verriere.1200-768x268.jpg 768w\" sizes=\"auto, (max-width: 1200px) 100vw, 1200px\" \/><\/a>\n\t\t\t<\/dt>\n\t\t\t\t<div class=\"gallery-caption__wrapper\"><dd class='wp-caption-text gallery-caption' id='gallery-1-1122'>\n\t\t\t\tA la recherche de la lumi\u00e8re\n\t\t\t\t<\/dd><\/div><\/dl>\n\t\t\t\n\t\t<\/div>\n<style>#colibri-579-c13 .wp-caption-text.gallery-caption{display:none;}<\/style><\/div><\/div>\n                <\/div>\n              <\/div>\n            <\/div>\n          <\/div>\n        <\/div>\n      <\/div>\n    <\/div>\n  <\/div>\n<\/div>","protected":false},"excerpt":{"rendered":"<p>Constat Maison de village en pierre typique \u00e0 l&#8217;int\u00e9rieur tr\u00e8s sombre, avec une [&hellip;]<\/p>\n","protected":false},"author":1,"featured_media":0,"parent":611,"menu_order":0,"comment_status":"closed","ping_status":"closed","template":"page-templates\/full-width-page.php","meta":{"footnotes":""},"class_list":["post-579","page","type-page","status-publish","hentry"],"_links":{"self":[{"href":"https:\/\/caroleclero.com\/index.php\/wp-json\/wp\/v2\/pages\/579","targetHints":{"allow":["GET"]}}],"collection":[{"href":"https:\/\/caroleclero.com\/index.php\/wp-json\/wp\/v2\/pages"}],"about":[{"href":"https:\/\/caroleclero.com\/index.php\/wp-json\/wp\/v2\/types\/page"}],"author":[{"embeddable":true,"href":"https:\/\/caroleclero.com\/index.php\/wp-json\/wp\/v2\/users\/1"}],"replies":[{"embeddable":true,"href":"https:\/\/caroleclero.com\/index.php\/wp-json\/wp\/v2\/comments?post=579"}],"version-history":[{"count":20,"href":"https:\/\/caroleclero.com\/index.php\/wp-json\/wp\/v2\/pages\/579\/revisions"}],"predecessor-version":[{"id":2091,"href":"https:\/\/caroleclero.com\/index.php\/wp-json\/wp\/v2\/pages\/579\/revisions\/2091"}],"up":[{"embeddable":true,"href":"https:\/\/caroleclero.com\/index.php\/wp-json\/wp\/v2\/pages\/611"}],"wp:attachment":[{"href":"https:\/\/caroleclero.com\/index.php\/wp-json\/wp\/v2\/media?parent=579"}],"curies":[{"name":"wp","href":"https:\/\/api.w.org\/{rel}","templated":true}]}}